inder when 462653 is divided by 23.
8
Calculate the remainder when 70582 is divided by 13069.
5237
What is the remainder when 1203613 is divided by 211?
69
Calculate the remainder when 174309 is divided by 58098.
15
Calculate the remainder when 167013 is divided by 54783.
2664
What is the remainder when 72103518 is divided by 61?
54
Calculate the remainder when 313185 is divided by 313045.
140
Calculate the remainder when 149204 is divided by 73485.
2234
What is the remainder when 241042418 is divided by 80347469?
11
Calculate the remainder when 747230 is divided by 105.
50
Calculate the remainder when 15065749 is divided by 5021906.
31
Calculate the remainder when 992627 is divided by 495192.
2243
Calculate the remainder when 47803091 is divided by 157247.
3
What is the remainder when 7551709 is divided by 49682?
45
What is the remainder when 27030938 is divided by 13515465?
8
What is the remainder when 459726 is divided by 10691?
13
What is the remainder when 49930133 is divided by 19?
14
What is the remainder when 877615 is divided by 30200?
1815
What is the remainder when 52711392 is divided by 598993?
8
What is the remainder when 389234911 is divided by 209?
208
Calculate the remainder when 8024663 is divided by 2751.
2747
What is the remainder when 13974438 is divided by 169?
166
Calculate the remainder when 107241135 is divided by 172.
167
Calculate the remainder when 1873332 is divided by 468301.
128
Calculate the remainder when 12791647 is divided by 31820.
7
What is the remainder when 2492838 is divided by 3070?
3068
What is the remainder when 1914511 is divided by 12?
7
Calculate the remainder when 239320 is divided by 180.
100
Calculate the remainder when 33355969 is divided by 366549.
10
Calculate the remainder when 313143 is divided by 156570.
3
What is the remainder when 21066 is divided by 20995?
71
What is the remainder when 75474783 is divided by 25158255?
18
Calculate the remainder when 14430599 is divided by 40.
39
Calculate the remainder when 178414 is divided by 3802.
3522
Calculate the remainder when 377959 is divided by 313.
168
Calculate the remainder when 28985341 is divided by 9661719.
184
Calculate the remainder when 1302745 is divided by 417.
37
Calculate the remainder when 1933009 is divided by 966494.
21
Calculate the remainder when 1015257 is divided by 1775.
1732
What is the remainder when 556656 is divided by 11037?
4806
What is the remainder when 1162929 is divided by 77528?
9
What is the remainder when 61644 is divided by 886?
510
Calculate the remainder when 130266807 is divided by 3256670.
7
What is the remainder when 651271451 is divided by 166?
165
Calculate the remainder when 18198393 is divided by 18198391.
2
Calculate the remainder when 187385 is divided by 3071.
54
Calculate the remainder when 4265680 is divided by 355471.
28
What is the remainder when 19105221 is divided by 432?
21
Calculate the remainder when 2129634 is divided by 439.
45
Calculate the remainder when 410940 is divided by 149.
147
What is the remainder when 819818 is divided by 525?
293
What is the remainder when 1910912 is divided by 11?
3
Calculate the remainder when 7884717 is divided by 2981.
2953
What is the remainder when 7779 is divided by 18?
3
What is the remainder when 29680 is divided by 4765?
1090
Calculate the remainder when 38820 is divided by 19324.
172
Calculate the remainder when 27638280 is divided by 2144.
2120
What is the remainder when 1582898 is divided by 527615?
53
What is the remainder when 79951 is divided by 6594?
823
What is the remainder when 3525523 is divided by 705043?
308
Calculate the remainder when 26623 is divided by 6648.
31
What is the remainder when 494121 is divided by 15938?
43
Calculate the remainder when 5515 is divided by 4305.
1210
What is the remainder when 11809498 is divided by 16?
10
Calculate the remainder when 88170 is divided by 10985.
290
Calculate the remainder when 4993631 is divided by 25740.
71
Calculate the remainder when 14478102 is divided by 2763.
2745
Calculate the remainder when 4143937 is divided by 58.
11
Calculate the remainder when 28054754 is divided by 240.
194
What is the remainder when 97485759 is divided by 10514?
10465
What is the remainder when 177625 is divided by 14797?
61
What is the remainder when 82635130 is divided by 43?
9
What is the remainder when 3644370 is divided by 25308?
18
What is the remainder when 80077 is divided by 1448?
437
Calculate the remainder when 17494723 is divided by 4373680.
3
What is the remainder when 2905994 is divided by 125?
119
What is the remainder when 11599 is divided by 20?
19
What is the remainder when 246311 is divided by 9211?
6825
Calculate the remainder when 435731 is divided by 72619.
17
Calculate the remainder when 114079 is divided by 25.
4
What is the remainder when 97923 is divided by 48629?
665
What is the remainder when 321 is divided by 176?
145
What is the remainder when 175267569 is divided by 402?
393
What is the remainder when 22530389 is divided by 95?
94
Calculate the remainder when 59203 is divided by 1213.
979
Calculate the remainder when 364817 is divided by 89.
6
Calculate the remainder when 405399 is divided by 77.
71
Calculate the remainder when 92830 is divided by 5774.
446
Calculate the remainder when 25878 is divided by 755.
208
Calculate the remainder when 9256222 is divided by 2314055.
2
What is the remainder when 90360 is divided by 1270?
190
What is the remainder when 1146140 is divided by 67420?
0
Calculate the remainder when 1176312 is divided by 78.
72
Calculate the remainder when 1898553 is divided by 34.
27
What is the remainder when 104008 is divided by 7373?
786
What is the remainder when 1914815 is divided by 316?
171
Calculate the remainder when 155549 is divided by 751.
92
Calculate the remainder when 1594007 is divided by 720.
647
Calculate the remainder when 496893 is divided by 3031.
2840
What is the remainder when 201177 is divided by 337?
325
Calculate the remainder when 802648 is divided by 410.
278
What is the remainder when 2643868 is divided by 2384?
12
Calculate the remainder when 1506336 is divided by 1704.
0
What is the remainder when 19290917 is divided by 4822723?
25
What is the remainder when 607749 is divided by 3632?
1205
What is the remainder when 117037 is divided by 23352?
277
Calculate the remainder when 73370 is divided by 5261.
4977
What is the remainder when 753482 is divided by 998?
990
What is the remainder when 221757121 is divided by 1993?
1990
Calculate the remainder when 543509 is divided by 56.
29
Calculate the remainder when 282106 is divided by 868.
6
What is the remainder when 54222491 is divided by 6578?
37
What is the remainder when 716343 is divided by 35817?
3
What is the remainder when 50256877 is divided by 40?
37
What is the remainder when 5758761 is divided by 66192?
57
What is the remainder when 56948216 is divided by 9?
5
What is the remainder when 9115 is divided by 93?
1
What is the remainder when 7278 is divided by 1731?
354
Calculate the remainder when 5416 is divided by 160.
136
Calculate the remainder when 101665387 is divided by 2222.
2221
What is the remainder when 575480 is divided by 4?
0
Calculate the remainder when 306145 is divided by 211.
195
What is the remainder when 422661 is divided by 211156?
349
What is the remainder when 1700168674 is divided by 12?
10
What is the remainder when 43493546 is divided by 447?
446
Calculate the remainder when 192432401 is divided by 56.
49
What is the remainder when 422657 is divided by 16251?
131
What is the remainder when 16292681 is divided by 179039?
132
Calculate the remainder when 27124082 is divided by 9041346.
44
What is the remainder when 2904902 is divided by 2904888?
14
What is the remainder when 5481232 is divided by 4545?
4507
What is the remainder when 102424 is divided by 752?
152
What is the remainder when 217873 is divided by 3697?
3447
Calculate the remainder when 9543893 is divided by 15749.
15748
What is the remainder when 23702 is divided by 1048?
646
What is the remainder when 34627657 is divided by 136?
17
Calculate the remainder when 2358074 is divided by 742.
740
Calculate the remainder when 13559893 is divided by 75.
43
What is the remainder when 4282556 is